{"id":122,"date":"2013-03-29T07:59:15","date_gmt":"2013-03-29T07:59:15","guid":{"rendered":"http:\/\/www.petervasara.hu\/kozadat2\/?page_id=122"},"modified":"2024-02-29T07:19:34","modified_gmt":"2024-02-29T07:19:34","slug":"kapcsolat","status":"publish","type":"page","link":"http:\/\/www.pvse.hu\/?page_id=122","title":{"rendered":"Kapcsolat"},"content":{"rendered":"<p>P\u00e9terv\u00e1s\u00e1ra Sportegyes\u00fclet<\/p>\n<p>3250 P\u00e9terv\u00e1s\u00e1ra Szabads\u00e1g t\u00e9r 1.<\/p>\n<p>Tel\/fax: 06\/36\/568-000, 001.<\/p>\n<p>e-mail: pvse@freemail.hu<\/p>\n<p>www.pvse.hu<\/p>\n<p><a href=\"https:\/\/www.facebook.com\/petervasara.sportegyesulet\">www.facebook.com\/petervasara.sportegyesulet<\/a><\/p>\n<p>Bocsi Attila Sporttelep, P\u00e9terv\u00e1s\u00e1ra Szent M\u00e1rton \u00fat 14\/b<\/p>\n<p><a href=\"http:\/\/www.petervasara.hu\/kozadat2\/wp-content\/uploads\/2013\/03\/DSCF7151.jpg\"><img decoding=\"async\" loading=\"lazy\" class=\"alignnone size-medium wp-image-124\" src=\"http:\/\/www.petervasara.hu\/kozadat2\/wp-content\/uploads\/2013\/03\/DSCF7151-300x225.jpg\" alt=\"DSCF7151\" width=\"340\" height=\"254\" srcset=\"http:\/\/www.pvse.hu\/wp-content\/uploads\/2013\/03\/DSCF7151-300x225.jpg 300w, http:\/\/www.pvse.hu\/wp-content\/uploads\/2013\/03\/DSCF7151-1024x768.jpg 1024w, http:\/\/www.pvse.hu\/wp-content\/uploads\/2013\/03\/DSCF7151-800x600.jpg 800w, http:\/\/www.pvse.hu\/wp-content\/uploads\/2013\/03\/DSCF7151-493x370.jpg 493w, http:\/\/www.pvse.hu\/wp-content\/uploads\/2013\/03\/DSCF7151-80x60.jpg 80w, http:\/\/www.pvse.hu\/wp-content\/uploads\/2013\/03\/DSCF7151-420x315.jpg 420w\" sizes=\"(max-width: 340px) 100vw, 340px\" \/><\/a><br \/>\n<iframe loading=\"lazy\" src=\"https:\/\/maps.google.hu\/maps?f=q&amp;source=s_q&amp;hl=hu&amp;geocode=&amp;q=P%C3%A9terv%C3%A1s%C3%A1ra,+Szent+M%C3%A1rton+%C3%BAt+14%2Fb&amp;aq=0&amp;oq=P%C3%A9terv%C3%A1s%C3%A1ra,+Szent+M%C3%A1rton+%C3%BAt+14%2Fb&amp;sll=48.018047,20.106418&amp;sspn=0.007392,0.021136&amp;ie=UTF8&amp;hq=&amp;hnear=3250+P%C3%A9terv%C3%A1s%C3%A1ra,+Szent+M%C3%A1rton+%C3%BAt+14&amp;t=m&amp;z=14&amp;iwloc=A&amp;output=embed\" width=\"425\" height=\"350\" frameborder=\"0\" marginwidth=\"0\" marginheight=\"0\" scrolling=\"no\"><\/iframe><br \/>\n<small><a style=\"color: #0000ff; text-align: left;\" href=\"https:\/\/maps.google.hu\/maps?f=q&amp;source=embed&amp;hl=hu&amp;geocode=&amp;q=P%C3%A9terv%C3%A1s%C3%A1ra,+Szent+M%C3%A1rton+%C3%BAt+14%2Fb&amp;aq=0&amp;oq=P%C3%A9terv%C3%A1s%C3%A1ra,+Szent+M%C3%A1rton+%C3%BAt+14%2Fb&amp;sll=48.018047,20.106418&amp;sspn=0.007392,0.021136&amp;ie=UTF8&amp;hq=&amp;hnear=3250+P%C3%A9terv%C3%A1s%C3%A1ra,+Szent+M%C3%A1rton+%C3%BAt+14&amp;t=m&amp;z=14&amp;iwloc=A\">Nagyobb t\u00e9rk\u00e9pre v\u00e1lt\u00e1s<\/a><\/small><\/p>\n","protected":false},"excerpt":{"rendered":"<p>P\u00e9terv\u00e1s\u00e1ra Sportegyes\u00fclet 3250 P\u00e9terv\u00e1s\u00e1ra Szabads\u00e1g t\u00e9r 1. Tel\/fax: 06\/36\/568-000, 001. e-mail: pvse@freemail.hu www.pvse.hu www.facebook.com\/petervasara.sportegyesulet Bocsi Attila Sporttelep, P\u00e9terv\u00e1s\u00e1ra Szent M\u00e1rton \u00fat 14\/b Nagyobb t\u00e9rk\u00e9pre v\u00e1lt\u00e1s<\/p>\n","protected":false},"author":2,"featured_media":0,"parent":0,"menu_order":0,"comment_status":"closed","ping_status":"open","template":"","meta":[],"_links":{"self":[{"href":"http:\/\/www.pvse.hu\/index.php?rest_route=\/wp\/v2\/pages\/122"}],"collection":[{"href":"http:\/\/www.pvse.hu\/index.php?rest_route=\/wp\/v2\/pages"}],"about":[{"href":"http:\/\/www.pvse.hu\/index.php?rest_route=\/wp\/v2\/types\/page"}],"author":[{"embeddable":true,"href":"http:\/\/www.pvse.hu\/index.php?rest_route=\/wp\/v2\/users\/2"}],"replies":[{"embeddable":true,"href":"http:\/\/www.pvse.hu\/index.php?rest_route=%2Fwp%2Fv2%2Fcomments&post=122"}],"version-history":[{"count":13,"href":"http:\/\/www.pvse.hu\/index.php?rest_route=\/wp\/v2\/pages\/122\/revisions"}],"predecessor-version":[{"id":1149,"href":"http:\/\/www.pvse.hu\/index.php?rest_route=\/wp\/v2\/pages\/122\/revisions\/1149"}],"wp:attachment":[{"href":"http:\/\/www.pvse.hu\/index.php?rest_route=%2Fwp%2Fv2%2Fmedia&parent=122"}],"curies":[{"name":"wp","href":"https:\/\/api.w.org\/{rel}","templated":true}]}}